ten thousands digit of q?
1
What is the units digit of -9 + 102/4*3760/6?
1
Let a = -3560 - -9763. What is the hundreds digit of a?
2
Let n be 3/(2/(-11) - (-50127)/281688). Let c = n + 1418. What is the units digit of c?
2
Suppose -37*q + 1108285 + 137203 = 189582. What is the hundreds digit of q?
5
Let f = 322 + 3352. What is the hundreds digit of f?
6
Let l(o) = -o**3 - 8*o**2 - 6*o + 10. Let j be l(-7). What is the hundreds digit of 7230/18 + j/(-1 + 10)?
4
Let y = 36956 - -20325. What is the thousands digit of y?
7
Suppose -2*o - 4*h + 144 = 0, 3*h - 302 = -4*o + 2*h. Suppose 0*m + 2255 = 5*m. Suppose 0 = 5*y + o - m. What is the units digit of y?
5
Suppose 21*d - 3076968 = -225*d. What is the units digit of d?
8
Let b be -3*(15/9 - (4 - 1)). Suppose -2*u = -4*k - 204, 5*u - 51 = k + 4*u. What is the units digit of 270/b*(-68)/k?
0
Let b = 167 - 237. Let j = 105 + b. Let x = j - 8. What is the tens digit of x?
2
Suppose 3*q = 3*p + 4 + 8, p + 10 = -2*q. Let t be ((-13)/(-39))/(2/p). What is the tens digit of ((-4)/t)/(-5*8/(-1900))?
9
Let p(l) be the third derivative of l**5/12 + l**4/8 - 5*l**3/2 + 6*l**2 + 2. What is the hundreds digit of p(5)?
1
Let v(j) = 6*j**2 + 16*j + 3146. What is the tens digit of v(0)?
4
Let n(s) = 1311*s + 5774. What is the hundreds digit of n(22)?
6
Let n be 17 - (-4 + 7)/3. Suppose -n*i = i - 4233. What is the tens digit of i?
4
What is the thousands digit of (1431536/144 - -8) + 4/(-18)?
9
Let y(a) = 2*a**2. Let p(r) = -16*r**2 - 5. Let w(o) = 2*p(o) + 18*y(o). Let f be (-5)/10 + (-14)/4. What is the units digit of w(f)?
4
Let g(l) = -l**3 + 5*l**2 - l - 2. Let r be g(4). Suppose 13*p = r*p + 240. What is the tens digit of p?
8
Suppose -16*c = -6*c - 40. What is the hundreds digit of 130 - c/(-4)*4?
1
What is the hundreds digit of (-1 + 1*-2029)/(769 - 771)?
0
What is the thousands digit of (-48045)/((-17)/(-85)*-5)?
8
Let z = 3790 + 1649. Suppose 2*l + 2*l - z = 5*a, a = -3. What is the units digit of l?
6
Let m(h) = -h**3 - 3*h**2 + h + 4. Let c be m(0). Suppose 5*v - 6328 + 1160 = c*r, v - r = 1033. What is the units digit of v?
6
Let s(i) = i**2 + 2*i + 15. Let d be s(-4). Suppose 5*v - 277 = d. What is the units digit of 4/(v/9)*(3 - -42)?
7
Suppose q - 259 + 7 = 0. Let t be (-6)/(7/(q/8)). What is the units digit of 633/9 - 18/t?
1
Let n(g) = 130*g**2 - 122*g - 1942. What is the tens digit of n(-14)?
4
Suppose -217231 + 1643175 = 27*j - 73528. What is the units digit of j?
6
Let t = 11237 + 11013. What is the units digit of t?
0
Suppose -44*u + 99492 + 1058456 = 0. What is the tens digit of u?
1
Suppose -h + 971 + 12388 = 4*f, 0 = 2*f - 5*h - 6707. Suppose -761 = -5*u - 4*i + f, u = -4*i + 814. What is the tens digit of u?
2
Let t(s) = s**2 + 7*s - 32. Let a be t(3). Suppose 0 = -3*k - 5*v - 878, 0 = 5*k + v + 493 + 941. What is the units digit of k/a + (2 - 15/3)?
0
Suppose -337422 = -43*p + 209091 - 99872. What is the units digit of p?
7
Let q = -228 - -232. Suppose -3*z - 2396 = -3*i + z, -q*i = -2*z - 3178. What is the units digit of i?
2
Let w = 8120 - 2616. Let h = w + -3691. What is the hundreds digit of h?
8
Let o = 34 + -31. Suppose -o*j + 52 = 55. What is the units digit of j + 3 + (-11 - -11) + 93?
5
Let d(v) be the first derivative of -135*v**2/2 - 15*v - 3247. Suppose 2*u - 1 + 5 = 0. What is the tens digit of d(u)?
5
Let q(k) = 19*k - 266. Let z be q(14). Suppose u + 16*u - 6630 = z. What is the tens digit of u?
9
Let k(c) = 1969*c**2 + 264*c + 1607. What is the tens digit of k(-6)?
0
Let q(d) = -6*d**3 - 2*d - 1. Let o be q(-1). Suppose 2*c - o - 11 = 0. Let g(z) = z**3 - 8*z**2 - z - 11. What is the tens digit of g(c)?
6
Let r = -17 - -11. Let x(d) = -2*d**3 - 2*d**2 + 7*d - 5*d**2 - 4*d**2 + d**2 - 9. What is the tens digit of x(r)?
2
Let o(n) = 0*n - 3*n + 23 + 4*n + n. Let k be o(-10). Suppose -m + k*m = 142. What is the tens digit of m?
7
Suppose 6*z + 5897 = -3595. Let d = 2422 + z. Suppose -d = -49*n + 45*n. What is the tens digit of n?
1
Let c be (-330)/(-12)*(-780)/(-25). Suppose -159*l - c = -161*l. What is the tens digit of l?
2
Suppose -3*j + 3*i + 17094 = 0, -2*i - i - 28480 = -5*j. What is the thousands digit of j?
5
What is the hundreds digit of (-159 - (16 + -19))*(1 - 51)?
8
Let p(k) = -k**2 - k. Let j(b) = 311*b**2 + 6*b + 2. Let n(w) = j(w) + 6*p(w). What is the units digit of n(-1)?
7
Let g(k) = 30*k**3 + k**2 + 3. Suppose 2*z - 4 = -5*c, -z + 4*c - 6 = -4*z. What is the tens digit of g(z)?
4
Suppose 20*n + 108 = 74*n. What is the hundreds digit of 545560/805 - n/(-7)?
6
Let s = -3806 + 7986. What is the hundreds digit of s?
1
Let h = 11532 - 2529. What is the thousands digit of h?
9
Let s be 400*(1 - (2 + -3)). Suppose -s - 487 = -13*t. What is the tens digit of t?
9
Suppose 22*q + h + 7 = 25*q, 4*q = 5*h + 2. Suppose q*d - 811 - 1151 = 0. What is the hundreds digit of d?
6
What is the tens digit of 15/(-30)*(2 - -1067)*-22 + -4?
5
Let k(b) = -2*b + 10. Let d be k(4). Suppose -y - d*y + 2*g = -348, -3*g = -4*y + 464. Let r = y - 27. What is the tens digit of r?
8
Let w = -16 + 37. Suppose 3*j - 4*j - 3 = k, w = 5*k - 4*j. What is the tens digit of 5/(25/70) + k?
1
Suppose -2*i - 2 = 0, 39 = m + 2*m + 3*i. Suppose 6240 = -m*j + 44*j. What is the tens digit of j?
0
Let i(t) = 10*t + 20. Let n be i(-3). Let z be 6/(-10) + (-1016)/n. Suppose 3*d - 181 = z. What is the tens digit of d?
9
Let a(z) = -16*z + 6. Let m be a(-4). Let o(t) = -75*t - 29 - 4 + m*t. What is the units digit of o(-20)?
7
Let x = 5403 - 3189. Let r = 29 - 21. Suppose -r*h - 702 + x = 0. What is the units digit of h?
9
Let x(n) = 121*n**2 - 23*n + 145. What is the units digit of x(5)?
5
Let z be -4 - (-7 + 11 - 4382/2). Suppose -s + 0*l + 1099 = -4*l, 5*l + z = 2*s. What is the thousands digit of s?
1
Suppose -20 = 2*c + 5*a, -2*c - 3*a + 0*a - 12 = 0. Let b be -88 + c + (-8)/(-2). Let l = b - -162. What is the tens digit of l?
7
Let k(m) = 13*m**2 - 4*m + 18. Let t be k(12). Suppose 12*b = -3*c + 10*b + 1382, -3*b = 4*c - t. What is the units digit of c?
2
Let f(r) = r**3 - 8*r**2 + 22*r + 6. Let d be f(4). What is the hundreds digit of (-5 + -90)*(-324)/d?
0
Let g(q) = 2*q**3 + q**2 - 17*q + 35154. What is the ten thousands digit of g(0)?
3
Suppose 70 = 254*j - 184*j. Suppose -12 = 5*a - 2. What is the tens digit of -4 - (j + a - 81)?
7
Let q(w) = w**2 - w. Let v(g) = -7*g**2 + 9*g + 438. Let x(y) = 6*q(y) + v(y). What is the units digit of x(0)?
8
What is the tens digit of (-15)/3 - 3 - 71/((-71)/864)?
5
Let j be (-43)/2 + (-156)/(-104). Let y(m) = -88*m - 266. What is the thousands digit of y(j)?
1
What is the ten thousands digit of 211577/7 - (-134)/(-469)?
3
What is the hundreds digit of (-27)/486*12 + 269950/6?
9
Let h(r) = -56*r + 308. What is the tens digit of h(-83)?
5
Let m(i) be the first derivative of -233*i**2/2 - 61*i + 157. What is the hundreds digit of m(-4)?
8
Let m be ((-10)/(-5) + -2)/(-1 + 2). Suppose w - 3*r - 230 = m, -18*r - 690 = -3*w - 16*r. What is the units digit of w?
0
Let f(c) = -147 + 5*c - 30*c - 8*c - c**2. What is the units digit of f(-26)?
5
What is the ten thousands digit of 74310 - (4/(-3) - 0)/(12/27)?
7
Suppose -2*t - 14*l + 38938 = -12*l, 0 = t - l - 19461. What is the tens digit of t?
6
Suppose -24282 = -s + 4*o, -5*s - 5*o + 40671 = -80864. What is the thousands digit of s?
4
Let c be 310/(-34) - (-6)/51. Let s(n) = 3*n + 41. What is the units digit of s(c)?
4
Let c(u) = 1095*u**3 - 2*u**2 + 12*u - 12. What is the thousands digit of c(2)?
8
What is the tens digit of (-1 - 298)*(-124 - -101)?
7
Let b be -1*12/3 - 13472/4. What is the hundreds digit of (24/(-16))/(-2*(-3)/b)?
8
Let q be (36/(-15))/((-8)/1140). Let h be -200 + -4 + -1 + 5. Let f = q + h. What is the tens digit of f?
4
Suppose 30 = 6*u + 12. Let f(x) = 427*x + 22. What is the thousands digit of f(u)?
1
Let u(b) = -791*b + 30. Let d = 162 - 163. What is the hundreds digit of u(d)?
8
Let h = 643 + -600. Suppose 49*y = h*y + 3864. What is the tens digit of y?
4
Suppose -428 = 2*z + 4*n - 86, -4*z - 634 = -2*n. Let u = -100 - z. What is the units digit of u?
1
Let q(c) = -37*c**3 - 2*c**2 - c + 1. Suppose 13*s - 89 - 41 = 0. Suppose -4*n + s = 14. What is the units digit of q(n)?
7
Let v(c) = 58